- -24. Suppose 1125 = 4*n + n - 5*b, 3*b = n - 235. Calculate the highest common divisor of y and n.
20
Let i = -15 - -37. What is the greatest common divisor of i and 22?
22
Let h = -7 - -17. Suppose -2*a - 4*s - 16 = 0, 4*a + 14*s - 10*s + 12 = 0. Calculate the greatest common divisor of a and h.
2
Suppose -7 = 9*j - 142. What is the greatest common factor of j and 3?
3
Let d = 125 - 115. Calculate the greatest common factor of 270 and d.
10
Let r(y) = -y + 3. Let q be r(2). Let t = 15 - 12. Suppose 16 = -t*j + 5*j. Calculate the highest common factor of j and q.
1
Let n(s) = -s + 22. Let o be n(-11). Let d(h) = -h. Let j be d(-3). What is the greatest common divisor of j and o?
3
Let i be (-3)/(-2)*(-918)/(-17). What is the greatest common divisor of 27 and i?
27
Let b(g) = -6*g - 6. Let x be b(-5). Suppose 5*k = -0*k + 15. Calculate the highest common factor of k and x.
3
Suppose 0 = -2*k, -2*x + 460 = 2*x - 4*k. What is the highest common divisor of 23 and x?
23
Let y = 3 - -27. Let j = -96 - -141. What is the greatest common factor of y and j?
15
Suppose 0 = u - 3*u + 8. Suppose -u*q + q - j = -30, j = 0. Calculate the highest common factor of 30 and q.
10
Let r(v) = v**3 - 8*v**2 + 8*v. Let x be r(7). Suppose -2*y - 238 = -4*l, x = -5*l + 17. Let o = y + 171. Calculate the greatest common factor of o and 8.
8
Let s = 19 + -5. Suppose 2*z = -f + 11, 5*z - 3*f - s = -f. Suppose 4*o - r - 36 = -2*r, -52 = -z*o + 3*r. Calculate the greatest common factor of o and 90.
10
Suppose 0 = 2*l - 3*w - 69, 4*l - 4*w + 21 - 161 = 0. Let d(p) = 22*p**2 + 2. Let s be d(-2). Calculate the greatest common factor of s and l.
18
Let m be (-104 - 0)*1/(-2). What is the highest common factor of m and 13?
13
Suppose 0 = -15*i + 17*i - 6. Suppose 3*g + 277 = 4*y, -i*g - 94 + 27 = -y. What is the highest common divisor of y and 14?
14
Let z be 12/6*30/4. What is the greatest common divisor of z and 30?
15
Let w(f) be the third derivative of -f**6/120 - f**5/12 - f**4/6 - 7*f**3/6 + 2*f**2. Let s be w(-5). What is the greatest common factor of s and 117?
13
Let y be (3 - 7)/4*-3. Suppose 2*d - 990 = -y*d. What is the highest common factor of d and 22?
22
Suppose -61 = -3*n - 2*u, 5*n = 2*u - 0*u + 75. Let l be n/((-6)/(-3) - 1). Calculate the highest common divisor of l and 17.
17
Let y = -35 + 74. What is the greatest common factor of 3 and y?
3
Suppose 6*b = 3*b + 33. Let q(n) = 26*n**2 + 4*n + 3. Let y be q(-2). Calculate the highest common factor of y and b.
11
Suppose f = 4 - 7. Let r(q) = -q**3 + 3*q**2 + q + 3. Let d be r(f). Calculate the highest common divisor of d and 36.
18
Suppose 4*d - 201 = 287. Suppose 0 = -n - 19 + d. Suppose 0 = k + c - 6*c - n, -2*c + 346 = 4*k. Calculate the highest common divisor of 8 and k.
8
Suppose 2*d = -3*d + 2*m + 481, -2*d + 199 = -3*m. What is the highest common factor of 57 and d?
19
Suppose -3*n - 11 = -131. What is the greatest common divisor of n and 10?
10
Suppose n - 3*n = 4. Let p = n + 2. Suppose 2*w + 5*t = -p*w + 18, t = -2*w + 10. What is the greatest common divisor of 8 and w?
4
Let h be (-27)/(-18) + 1/2. Calculate the highest common factor of 18 and h.
2
Let s = -5 - -8. Let x(v) = -v + 3. Let q be x(s). Suppose -i + q + 12 = 0. Calculate the highest common divisor of i and 108.
12
Let n = -12 - -13. What is the greatest common factor of n and 3?
1
Let k = -21 - -37. Calculate the highest common factor of k and 80.
16
Let o be (-6)/(-33) + 2/(-11). Let i be 3 - o - (-2)/(-2). What is the greatest common divisor of 14 and i?
2
Let r(z) = z**3 - 6*z**2 + 6*z + 4. Let a be r(5). Let x be (0 + -1)*(1 + -2). What is the highest common factor of x and a?
1
Let q be (-4 - -6)/(4/8). What is the greatest common factor of q and 16?
4
Let p(z) = -28*z**2 - z. Let x be p(1). Let j = x + 69. What is the highest common factor of j and 8?
8
Suppose 2*a = -i - 0*i - 2, 5*i = -4*a + 8. Suppose i*u = -f + 99, 5*u - 58 = f + 77. What is the highest common factor of u and 26?
26
Let z(l) = -l**3 + 6*l**2 - 3*l + 6. Let n be z(5). What is the highest common factor of 8 and n?
8
Suppose 6 + 30 = 2*y. Let m = 6 + y. What is the highest common divisor of m and 3?
3
Let n = 20 + 0. What is the greatest common divisor of n and 20?
20
Suppose -2*z = 4*z - 24. Suppose 0 = 5*r - w - w - 33, 4*r - 33 = -5*w. Suppose 2*b + 10 = r*b. Calculate the highest common divisor of b and z.
2
Let h be 10/4*4/2. Suppose -2*p = -2*x + 14, -p + x - h*x = -3. Let l be (-2 + 0)/(1/p). Calculate the highest common divisor of 5 and l.
5
Suppose t - 4 = 6. Let x = -7 + t. Calculate the highest common divisor of 24 and x.
3
Let c(d) = 6*d**2 + 3*d + 8. Let n be c(-2). Calculate the greatest common factor of 91 and n.
13
Let g be (1 - 3) + 19 - -1. Suppose -2*m + d = -8, 3*d = -0*m - m + g. Let h(o) = 5*o - 7. Let n be h(5). Calculate the highest common factor of m and n.
6
Suppose 5*q - 22 = 103. Suppose -3*o + 0*o + 4 = 5*y, 3*y = 3*o + 36. Let x = q - o. Calculate the greatest common divisor of 48 and x.
16
Suppose 0 = -5*t - 3*d + 291 - 65, -5*t + 4*d + 212 = 0. Let j = 0 + 4. Suppose -j*b + 2*b = -8. What is the greatest common divisor of t and b?
4
Let v be 1 + 1 + (-2 - -2). Suppose 2 = -4*i - v. Let d be ((-42)/(-8))/(i/(-12)). Calculate the greatest common factor of 7 and d.
7
Let c(l) = -34*l - 4. Let u be 6/(-8) - (-250)/(-40). Let z be c(u). Let g = 19 + 7. What is the highest common factor of g and z?
26
Let m(h) = -h**3 + 6*h**2 - 2*h - 3. Let q be m(5). Let n(z) = 7*z + 1. Let r be n(-1). Let v be 32/(-18)*r*9. What is the highest common factor of q and v?
12
Suppose -2*h + 3*k = -60, -h + 4*k - 74 = -3*h. Calculate the greatest common factor of 11 and h.
11
Let f(s) = s + 15. Let t be f(-12). What is the highest common divisor of 24 and t?
3
Let l = 3 - 1. Suppose 5*d - 4*d + 2*g = 125, -l*g = -2*d + 226. Suppose -2*b + 12 = -14. What is the greatest common factor of d and b?
13
Let d(s) = -7*s**2 + 3 + 22*s**2 + 0*s - 4*s. Let x be d(2). Suppose 3*h - 10 = -3*t + 47, 3*t = -h + x. What is the greatest common factor of 90 and t?
18
Suppose -n + 11 + 6 = 0. Calculate the greatest common factor of n and 136.
17
Suppose -3*c + 17 + 19 = 0. Let h be 2/(2*1/c). Suppose -4*o = 2*y - 136, -y + 56 = -3*o + 2*o. What is the highest common divisor of h and y?
12
Let t be (-2)/(-5) - (-98)/5. Calculate the greatest common factor of 160 and t.
20
Let k(f) = -15*f + 6. Let j be k(-1). Calculate the highest common factor of j and 49.
7
Let i = 1 + 8. Suppose 0 = -j - i + 2. Let n = 25 + j. Calculate the highest common divisor of 54 and n.
18
Let m(k) = -k + 5. Let s be m(5). Suppose -3*t = 3*w - 3, s = t + 3*t + w - 1. Let g be 48 - (-1)/3*t. What is the highest common divisor of 6 and g?
6
Let n = 1 - -4. Suppose -n*w + 4*j + 241 = -2*w, 0 = -4*w + 4*j + 316. What is the greatest common factor of 15 and w?
15
Let s(f) = -3*f + 2*f - 3 - f. Suppose 3*w = 3*x - 12, w - 3*x = -4*x - 4. Let o be s(w). Calculate the highest common factor of o and 1.
1
Let p(k) = k**3 - 2*k**2 + k + 2. Let v be p(2). Calculate the greatest common factor of v and 6.
2
Let r(v) = v**2 + 6*v - 7. Let d be r(-9). Suppose -5*l = -0*l - d. Let k = 43 - 31. What is the greatest common divisor of k and l?
4
Let i be -2 + (5/10 - 182/(-4)). Suppose -4*v - 2*q = v - 61, 3*q - 9 = 0. Calculate the highest common factor of i and v.
11
Let v be (-116)/(-8) - 3/6. Let d = v - 0. Let q(o) = 5*o - 6. Let i be q(4). Calculate the highest common divisor of d and i.
14
Suppose -6 = 3*n - 3*i, -3*n - 10 = -n - 4*i. What is the greatest common factor of 10 and n?
1
Let r = 0 - -2. Suppose 2*v = -3*y + 68, 2*v + 4*y = -r*v + 128. What is the greatest common divisor of 42 and v?
14
Suppose -120 = -3*c + 3*w, -3*c = 5*w + 24 - 144. What is the greatest common divisor of c and 5?
5
Suppose 0 = -15*h + 75 + 15. Calculate the greatest common divisor of 15 and h.
3
Let i(w) = w**3 + 4*w**2 - 12*w + 17. Let s be i(-6). What is the highest common divisor of 136 and s?
17
Let w(a) = 2*a**2 - 7*a + 2. Let m be w(7). Calculate the highest common factor of m and 34.
17
Let t = 13 - 7. Calculate the greatest common divisor of 4 and t.
2
Let t(d) = -d**3 + d**2 + 3*d - 7. Let v be t(-3). What is the hig